{"id":64,"date":"2025-08-28T13:15:13","date_gmt":"2025-08-28T13:15:13","guid":{"rendered":"https:\/\/spzoziwonicz.pl\/?page_id=64"},"modified":"2025-08-28T13:52:50","modified_gmt":"2025-08-28T13:52:50","slug":"klauzula-informacyjna","status":"publish","type":"page","link":"https:\/\/spzoziwonicz.pl\/index.php\/rodo\/klauzula-informacyjna\/","title":{"rendered":"Klauzula informacyjna"},"content":{"rendered":"\n<p>Zgodnie z art. 13 og\u00f3lnego rozporz\u0105dzenia o ochronie danych osobowych z dnia 27 kwietnia 2016 r. (Dz. Urz. UE L 119 z 04.05.2016) informuj\u0119, i\u017c:<\/p>\n\n\n\n<ol class=\"wp-block-list\">\n<li>administratorem Pani\/Pana danych osobowych jest SP ZOZ Gminna Przychodnia Lekarska w Iwoniczu-Zdroju, ul. Ks. Jana R\u0105ba 4<\/li>\n\n\n\n<li>kontakt z Inspektorem Ochrony Danych &#8211; <a href=\"mailto:iod@netmol.pl\">iod@netmol.pl<\/a><\/li>\n\n\n\n<li>Pani\/Pana dane osobowe przetwarzane b\u0119d\u0105 w celu \u015bwiadczenia us\u0142ug medycznych &#8211; na podstawie Art. 6 ust. 1 lit. c og\u00f3lnego rozporz\u0105dzenia o ochronie danych osobowych z dnia 27 kwietnia 2016 r. oraz na podstawie Art. 9 ust.1 lit. h og\u00f3lnego rozporz\u0105dzenia o ochronie danych osobowych z dnia 27 kwietnia 2016 r.,<\/li>\n\n\n\n<li>odbiorcami Pani\/Pana danych osobowych b\u0119d\u0105 wy\u0142\u0105cznie podmioty uprawnione do uzyskania danych osobowych na podstawie przepis\u00f3w prawa (NFZ) oraz ubezpieczyciele, laboratoria analityczne,<\/li>\n\n\n\n<li>Pani\/Pana dane osobowe przechowywane b\u0119d\u0105 przez okres wynikaj\u0105cy z przepis\u00f3w prawa,<\/li>\n\n\n\n<li>posiada Pani\/Pan prawo \u017c\u0105dania od administratora dost\u0119pu do danych osobowych, ich sprostowania lub ograniczenia przetwarzania,<\/li>\n\n\n\n<li>ma Pani\/Pan prawo wniesienia skargi do organu nadzorczego,<\/li>\n\n\n\n<li>podanie danych osobowych jest obligatoryjne na mocy przepisu prawa<\/li>\n<\/ol>\n\n\n\n<p>Zgodnie z Og\u00f3lnym Rozporz\u0105dzeniem o Ochronie Danych Osobowych z dnia 27 kwietnia 2016 r. (Dz. Urz. UE L 119 z 04.05.2016) informuje si\u0119, i\u017c:<\/p>\n\n\n\n<ul class=\"wp-block-list\">\n<li>administratorem systemu monitoringu jest SP ZOZ Gminna Przychodnia Lekarska w Iwoniczu-Zdroju, ul Ks. Jana R\u0105ba 4<\/li>\n\n\n\n<li>monitoring stosowany jest celu ochrony mienia oraz zapewnienia bezpiecze\u0144stwa na terenie monitorowanym<\/li>\n\n\n\n<li>podstaw\u0105 przetwarzania s\u0105 przepisy ustawowe plac\u00f3wki<\/li>\n\n\n\n<li>zapisy z monitoringu\u00a0 przechowywane b\u0119d\u0105 30 dni<\/li>\n\n\n\n<li>osoba zarejestrowana przez system monitoringu ma prawo do dost\u0119pu do danych osobowych<\/li>\n\n\n\n<li>osobie zarejestrowanej przez system monitoringu przys\u0142uguje prawo wniesienia skargi do organu nadzorczego<\/li>\n\n\n\n<li>kontakt z Inspektorem Ochrony Danych &#8211; <a href=\"mailto:iod@netmol.pl\">iod@netmol.pl<\/a><\/li>\n<\/ul>\n","protected":false},"excerpt":{"rendered":"<p>Zgodnie z art. 13 og\u00f3lnego rozporz\u0105dzenia o ochronie danych osobowych z dnia 27 kwietnia 2016 r. (Dz. Urz. UE L 119 z 04.05.2016) informuj\u0119, i\u017c: Zgodnie z Og\u00f3lnym Rozporz\u0105dzeniem o Ochronie Danych Osobowych z dnia 27 kwietnia 2016 r. (Dz. Urz. UE L 119 z 04.05.2016) informuje si\u0119, i\u017c:<\/p>\n","protected":false},"author":1,"featured_media":0,"parent":62,"menu_order":0,"comment_status":"closed","ping_status":"closed","template":"","meta":{"footnotes":""},"class_list":["post-64","page","type-page","status-publish","hentry"],"_links":{"self":[{"href":"https:\/\/spzoziwonicz.pl\/index.php\/wp-json\/wp\/v2\/pages\/64","targetHints":{"allow":["GET"]}}],"collection":[{"href":"https:\/\/spzoziwonicz.pl\/index.php\/wp-json\/wp\/v2\/pages"}],"about":[{"href":"https:\/\/spzoziwonicz.pl\/index.php\/wp-json\/wp\/v2\/types\/page"}],"author":[{"embeddable":true,"href":"https:\/\/spzoziwonicz.pl\/index.php\/wp-json\/wp\/v2\/users\/1"}],"replies":[{"embeddable":true,"href":"https:\/\/spzoziwonicz.pl\/index.php\/wp-json\/wp\/v2\/comments?post=64"}],"version-history":[{"count":1,"href":"https:\/\/spzoziwonicz.pl\/index.php\/wp-json\/wp\/v2\/pages\/64\/revisions"}],"predecessor-version":[{"id":65,"href":"https:\/\/spzoziwonicz.pl\/index.php\/wp-json\/wp\/v2\/pages\/64\/revisions\/65"}],"up":[{"embeddable":true,"href":"https:\/\/spzoziwonicz.pl\/index.php\/wp-json\/wp\/v2\/pages\/62"}],"wp:attachment":[{"href":"https:\/\/spzoziwonicz.pl\/index.php\/wp-json\/wp\/v2\/media?parent=64"}],"curies":[{"name":"wp","href":"https:\/\/api.w.org\/{rel}","templated":true}]}}