{"id":274,"date":"2025-09-07T17:23:59","date_gmt":"2025-09-07T17:23:59","guid":{"rendered":"https:\/\/spzoziwonicz.pl\/?page_id=274"},"modified":"2025-09-07T17:26:10","modified_gmt":"2025-09-07T17:26:10","slug":"feniks","status":"publish","type":"page","link":"https:\/\/spzoziwonicz.pl\/index.php\/feniks\/","title":{"rendered":"FEnIKS"},"content":{"rendered":"\n<p class=\"has-text-align-left\">Samodzielny Publiczny Zak\u0142ad Opieki Zdrowotnej Gminna Przychodnia Lekarska w Iwoniczu-Zdroju, ul. Ks. Jana R\u0105ba 4, 38-440 Iwonicz-Zdr\u00f3j realizuje Projekt grantowy pn. \u201eWsparcie podstawowej opieki zdrowotnej (POZ)\u201d na podstawie umowy zawartej z Narodowym Funduszem Zdrowia. Projekt dofinansowany jest ze \u015brodk\u00f3w Europejskiego Funduszu Rozwoju Regionalnego w ramach Programu Fundusze Europejskie na Infrastruktur\u0119, Klimat, \u015arodowisko 2021-2027. [<a href=\"https:\/\/spzoziwonicz.pl\/wp-content\/uploads\/2025\/09\/informacja-FEnIKS.pdf\" data-type=\"attachment\" data-id=\"276\">pobierz<\/a>]<\/p>\n","protected":false},"excerpt":{"rendered":"<p>Samodzielny Publiczny Zak\u0142ad Opieki Zdrowotnej Gminna Przychodnia Lekarska w Iwoniczu-Zdroju, ul. Ks. Jana R\u0105ba 4, 38-440 Iwonicz-Zdr\u00f3j realizuje Projekt grantowy pn. \u201eWsparcie podstawowej opieki zdrowotnej (POZ)\u201d na podstawie umowy zawartej z Narodowym Funduszem Zdrowia. Projekt dofinansowany jest ze \u015brodk\u00f3w Europejskiego Funduszu Rozwoju Regionalnego w ramach Programu Fundusze Europejskie na Infrastruktur\u0119, Klimat, \u015arodowisko 2021-2027. [pobierz]<\/p>\n","protected":false},"author":1,"featured_media":0,"parent":0,"menu_order":0,"comment_status":"closed","ping_status":"closed","template":"","meta":{"footnotes":""},"class_list":["post-274","page","type-page","status-publish","hentry"],"_links":{"self":[{"href":"https:\/\/spzoziwonicz.pl\/index.php\/wp-json\/wp\/v2\/pages\/274","targetHints":{"allow":["GET"]}}],"collection":[{"href":"https:\/\/spzoziwonicz.pl\/index.php\/wp-json\/wp\/v2\/pages"}],"about":[{"href":"https:\/\/spzoziwonicz.pl\/index.php\/wp-json\/wp\/v2\/types\/page"}],"author":[{"embeddable":true,"href":"https:\/\/spzoziwonicz.pl\/index.php\/wp-json\/wp\/v2\/users\/1"}],"replies":[{"embeddable":true,"href":"https:\/\/spzoziwonicz.pl\/index.php\/wp-json\/wp\/v2\/comments?post=274"}],"version-history":[{"count":2,"href":"https:\/\/spzoziwonicz.pl\/index.php\/wp-json\/wp\/v2\/pages\/274\/revisions"}],"predecessor-version":[{"id":277,"href":"https:\/\/spzoziwonicz.pl\/index.php\/wp-json\/wp\/v2\/pages\/274\/revisions\/277"}],"wp:attachment":[{"href":"https:\/\/spzoziwonicz.pl\/index.php\/wp-json\/wp\/v2\/media?parent=274"}],"curies":[{"name":"wp","href":"https:\/\/api.w.org\/{rel}","templated":true}]}}