{"id":143,"date":"2025-08-28T15:50:59","date_gmt":"2025-08-28T15:50:59","guid":{"rendered":"https:\/\/spzoziwonicz.pl\/?page_id=143"},"modified":"2025-09-04T19:03:55","modified_gmt":"2025-09-04T19:03:55","slug":"poradnia-laryngologiczna","status":"publish","type":"page","link":"https:\/\/spzoziwonicz.pl\/index.php\/informacje\/poradnia-laryngologiczna\/","title":{"rendered":"Poradnia Laryngologiczna"},"content":{"rendered":"\n<p>W naszej <strong>Poradni Laryngologicznej w Iwoniczu-Zdroju<\/strong> zajmujemy si\u0119 g\u0142\u00f3wnie diagnostyk\u0105 i leczeniem chor\u00f3b uszu, nosa, krtani i gard\u0142a. Profilaktyk\u0105 schorze\u0144 laryngologicznych; &#8211; Badaniem s\u0142uchu (audiometria); &#8211; Profilaktyka nowotwor\u00f3w; &#8211; Niekt\u00f3re zabiegi (np. p\u0142ukania i oczyszczania uszu).<\/p>\n\n\n\n<p>Poza tym wykonujemy r\u00f3wnie\u017c&nbsp;&nbsp;Tympanometri\u0119&nbsp;czyli specjalistyczne badanie s\u0142uchu, umo\u017cliwiaj\u0105ce wykrycie nieprawid\u0142owo\u015bci w uchu zewn\u0119trznym i \u015brodkowym.<\/p>\n\n\n\n<p>Istnieje mo\u017cliwo\u015b\u0107 przeprowadzenia w naszym o\u015brodku bezp\u0142atnego badania s\u0142uchu i profesjonalny dob\u00f3r aparat\u00f3w, kt\u00f3re wykonuje firma \u201eASC AUDIKA\u201d. <\/p>\n\n\n\n<p><strong>Lekarze specjali\u015bci przyjmuj\u0105cy w naszej Poradni:<\/strong><\/p>\n\n\n\n<p>lek. laryng. <strong>Zuzanna Garbarz<\/strong> \u2013 poniedzia\u0142ek od 15:30<\/p>\n\n\n\n<p>lek. laryng. <strong>Joanna Wro\u0144ska<\/strong> \u2013 wtorek i czwartek od 15:30<\/p>\n\n\n<div class=\"wp-block-image\">\n<figure class=\"aligncenter size-full is-resized\"><img loading=\"lazy\" decoding=\"async\" width=\"1024\" height=\"1024\" src=\"https:\/\/spzoziwonicz.pl\/wp-content\/uploads\/2025\/08\/LOGO.png\" alt=\"\" class=\"wp-image-177\" style=\"width:213px;height:auto\" srcset=\"https:\/\/spzoziwonicz.pl\/wp-content\/uploads\/2025\/08\/LOGO.png 1024w, https:\/\/spzoziwonicz.pl\/wp-content\/uploads\/2025\/08\/LOGO-300x300.png 300w, https:\/\/spzoziwonicz.pl\/wp-content\/uploads\/2025\/08\/LOGO-150x150.png 150w, https:\/\/spzoziwonicz.pl\/wp-content\/uploads\/2025\/08\/LOGO-768x768.png 768w, https:\/\/spzoziwonicz.pl\/wp-content\/uploads\/2025\/08\/LOGO-100x100.png 100w\" sizes=\"auto, (max-width: 767px) 89vw, (max-width: 1000px) 54vw, (max-width: 1071px) 543px, 580px\" \/><\/figure><\/div>\n\n\n<p class=\"has-text-align-center\"><em><strong>Samodzielny Publiczny Zak\u0142ad Opieki Zdrowotnej<\/strong><\/em><\/p>\n\n\n\n<p class=\"has-text-align-center\"><em><strong>Gminna Przychodnia Lekarska w Iwoniczu-Zdroju<\/strong><\/em><\/p>\n","protected":false},"excerpt":{"rendered":"<p>W naszej Poradni Laryngologicznej w Iwoniczu-Zdroju zajmujemy si\u0119 g\u0142\u00f3wnie diagnostyk\u0105 i leczeniem chor\u00f3b uszu, nosa, krtani i gard\u0142a. Profilaktyk\u0105 schorze\u0144 laryngologicznych; &#8211; Badaniem s\u0142uchu (audiometria); &#8211; Profilaktyka nowotwor\u00f3w; &#8211; Niekt\u00f3re zabiegi (np. p\u0142ukania i oczyszczania uszu). Poza tym wykonujemy r\u00f3wnie\u017c&nbsp;&nbsp;Tympanometri\u0119&nbsp;czyli specjalistyczne badanie s\u0142uchu, umo\u017cliwiaj\u0105ce wykrycie nieprawid\u0142owo\u015bci w uchu zewn\u0119trznym i \u015brodkowym. Istnieje mo\u017cliwo\u015b\u0107 przeprowadzenia w &hellip; <\/p>\n<p class=\"link-more\"><a href=\"https:\/\/spzoziwonicz.pl\/index.php\/informacje\/poradnia-laryngologiczna\/\" class=\"more-link\">Czytaj dalej<span class=\"screen-reader-text\"> \u201ePoradnia Laryngologiczna\u201d<\/span><\/a><\/p>\n","protected":false},"author":1,"featured_media":155,"parent":10,"menu_order":0,"comment_status":"closed","ping_status":"closed","template":"","meta":{"footnotes":""},"class_list":["post-143","page","type-page","status-publish","has-post-thumbnail","hentry"],"_links":{"self":[{"href":"https:\/\/spzoziwonicz.pl\/index.php\/wp-json\/wp\/v2\/pages\/143","targetHints":{"allow":["GET"]}}],"collection":[{"href":"https:\/\/spzoziwonicz.pl\/index.php\/wp-json\/wp\/v2\/pages"}],"about":[{"href":"https:\/\/spzoziwonicz.pl\/index.php\/wp-json\/wp\/v2\/types\/page"}],"author":[{"embeddable":true,"href":"https:\/\/spzoziwonicz.pl\/index.php\/wp-json\/wp\/v2\/users\/1"}],"replies":[{"embeddable":true,"href":"https:\/\/spzoziwonicz.pl\/index.php\/wp-json\/wp\/v2\/comments?post=143"}],"version-history":[{"count":4,"href":"https:\/\/spzoziwonicz.pl\/index.php\/wp-json\/wp\/v2\/pages\/143\/revisions"}],"predecessor-version":[{"id":267,"href":"https:\/\/spzoziwonicz.pl\/index.php\/wp-json\/wp\/v2\/pages\/143\/revisions\/267"}],"up":[{"embeddable":true,"href":"https:\/\/spzoziwonicz.pl\/index.php\/wp-json\/wp\/v2\/pages\/10"}],"wp:featuredmedia":[{"embeddable":true,"href":"https:\/\/spzoziwonicz.pl\/index.php\/wp-json\/wp\/v2\/media\/155"}],"wp:attachment":[{"href":"https:\/\/spzoziwonicz.pl\/index.php\/wp-json\/wp\/v2\/media?parent=143"}],"curies":[{"name":"wp","href":"https:\/\/api.w.org\/{rel}","templated":true}]}}