{"id":137,"date":"2025-08-28T15:14:00","date_gmt":"2025-08-28T15:14:00","guid":{"rendered":"https:\/\/spzoziwonicz.pl\/?page_id=137"},"modified":"2025-09-04T19:02:24","modified_gmt":"2025-09-04T19:02:24","slug":"poradnia-ginekologiczna","status":"publish","type":"page","link":"https:\/\/spzoziwonicz.pl\/index.php\/informacje\/poradnia-ginekologiczna\/","title":{"rendered":"Poradnia Ginekologiczna"},"content":{"rendered":"\n<p>W naszej <strong>Poradni Ginekologicznej w Iwoniczu-Zdroju<\/strong> zajmuje si\u0119\u00a0leczeniem oraz rozpoznawaniem schorze\u0144 w obr\u0119bie \u017ce\u0144skich narz\u0105d\u00f3w rodnych, prowadzeniem ci\u0105\u017cy, diagnozowaniem przyczyn poronie\u0144, profilaktyk\u0105 i leczeniem nowotwor\u00f3w kobiecych, a tak\u017ce leczeniem endometriozy i doborem antykoncepcji. W poradni istnieje te\u017c mo\u017cliwo\u015b\u0107 wykonania specjalistycznych bada\u0144 laboratoryjnych oraz obrazowych.<\/p>\n\n\n\n<p><strong>Lekarze specjali\u015bci przyjmuj\u0105cy w naszej Poradni:<\/strong><\/p>\n\n\n\n<p>&#8211; lek. gin. <strong>Magdalena Mika<\/strong> \u2013 pierwszy wtorek miesi\u0105ca od 9:00<\/p>\n\n\n\n<p>&#8211; lek. gin. <strong>Agata \u017buraw-Wi\u015bniewska<\/strong> \u2013 trzeci wtorek miesi\u0105ca od 16:00<\/p>\n\n\n\n<p>&#8211; lek. gin. <strong>Stanis\u0142aw Kucza<\/strong> \u2013 w ka\u017cd\u0105 \u015brod\u0119 od 15:30<\/p>\n","protected":false},"excerpt":{"rendered":"<p>W naszej Poradni Ginekologicznej w Iwoniczu-Zdroju zajmuje si\u0119\u00a0leczeniem oraz rozpoznawaniem schorze\u0144 w obr\u0119bie \u017ce\u0144skich narz\u0105d\u00f3w rodnych, prowadzeniem ci\u0105\u017cy, diagnozowaniem przyczyn poronie\u0144, profilaktyk\u0105 i leczeniem nowotwor\u00f3w kobiecych, a tak\u017ce leczeniem endometriozy i doborem antykoncepcji. W poradni istnieje te\u017c mo\u017cliwo\u015b\u0107 wykonania specjalistycznych bada\u0144 laboratoryjnych oraz obrazowych. Lekarze specjali\u015bci przyjmuj\u0105cy w naszej Poradni: &#8211; lek. gin. Magdalena Mika &hellip; <\/p>\n<p class=\"link-more\"><a href=\"https:\/\/spzoziwonicz.pl\/index.php\/informacje\/poradnia-ginekologiczna\/\" class=\"more-link\">Czytaj dalej<span class=\"screen-reader-text\"> \u201ePoradnia Ginekologiczna\u201d<\/span><\/a><\/p>\n","protected":false},"author":1,"featured_media":140,"parent":10,"menu_order":0,"comment_status":"closed","ping_status":"closed","template":"","meta":{"footnotes":""},"class_list":["post-137","page","type-page","status-publish","has-post-thumbnail","hentry"],"_links":{"self":[{"href":"https:\/\/spzoziwonicz.pl\/index.php\/wp-json\/wp\/v2\/pages\/137","targetHints":{"allow":["GET"]}}],"collection":[{"href":"https:\/\/spzoziwonicz.pl\/index.php\/wp-json\/wp\/v2\/pages"}],"about":[{"href":"https:\/\/spzoziwonicz.pl\/index.php\/wp-json\/wp\/v2\/types\/page"}],"author":[{"embeddable":true,"href":"https:\/\/spzoziwonicz.pl\/index.php\/wp-json\/wp\/v2\/users\/1"}],"replies":[{"embeddable":true,"href":"https:\/\/spzoziwonicz.pl\/index.php\/wp-json\/wp\/v2\/comments?post=137"}],"version-history":[{"count":4,"href":"https:\/\/spzoziwonicz.pl\/index.php\/wp-json\/wp\/v2\/pages\/137\/revisions"}],"predecessor-version":[{"id":266,"href":"https:\/\/spzoziwonicz.pl\/index.php\/wp-json\/wp\/v2\/pages\/137\/revisions\/266"}],"up":[{"embeddable":true,"href":"https:\/\/spzoziwonicz.pl\/index.php\/wp-json\/wp\/v2\/pages\/10"}],"wp:featuredmedia":[{"embeddable":true,"href":"https:\/\/spzoziwonicz.pl\/index.php\/wp-json\/wp\/v2\/media\/140"}],"wp:attachment":[{"href":"https:\/\/spzoziwonicz.pl\/index.php\/wp-json\/wp\/v2\/media?parent=137"}],"curies":[{"name":"wp","href":"https:\/\/api.w.org\/{rel}","templated":true}]}}