{"id":100,"date":"2025-08-28T13:54:48","date_gmt":"2025-08-28T13:54:48","guid":{"rendered":"https:\/\/spzoziwonicz.pl\/?page_id=100"},"modified":"2025-08-28T13:54:48","modified_gmt":"2025-08-28T13:54:48","slug":"deklaracja-wyboru-swiadczeniodawcy-udzielajacego-swiadczen-z-zakresu-podstawowej-opieki-zdrowotnej-oraz-poloznej-podstawowej-opieki-zdrowotnej","status":"publish","type":"page","link":"https:\/\/spzoziwonicz.pl\/index.php\/do-pobrania\/deklaracja-wyboru-swiadczeniodawcy-udzielajacego-swiadczen-z-zakresu-podstawowej-opieki-zdrowotnej-oraz-poloznej-podstawowej-opieki-zdrowotnej\/","title":{"rendered":"Deklaracja wyboru \u015bwiadczeniodawcy udzielaj\u0105cego \u015bwiadcze\u0144 z zakresu podstawowej opieki zdrowotnej\u00a0oraz Po\u0142o\u017cnej podstawowej opieki zdrowotnej"},"content":{"rendered":"\n<div data-wp-interactive=\"core\/file\" class=\"wp-block-file\"><object data-wp-bind--hidden=\"!state.hasPdfPreview\" hidden class=\"wp-block-file__embed\" data=\"https:\/\/spzoziwonicz.pl\/wp-content\/uploads\/2025\/08\/Deklaracja-polozna.pdf\" type=\"application\/pdf\" style=\"width:100%;height:600px\" aria-label=\"Osadzone z Deklaracja po\u0142o\u017cna.\"><\/object><a id=\"wp-block-file--media-695998ac-cff2-4bae-8ce9-2a99e4e7df11\" href=\"https:\/\/spzoziwonicz.pl\/wp-content\/uploads\/2025\/08\/Deklaracja-polozna.pdf\">Deklaracja po\u0142o\u017cna<\/a><a href=\"https:\/\/spzoziwonicz.pl\/wp-content\/uploads\/2025\/08\/Deklaracja-polozna.pdf\" class=\"wp-block-file__button wp-element-button\" download aria-describedby=\"wp-block-file--media-695998ac-cff2-4bae-8ce9-2a99e4e7df11\">Pobierz<\/a><\/div>\n","protected":false},"excerpt":{"rendered":"","protected":false},"author":1,"featured_media":0,"parent":42,"menu_order":0,"comment_status":"closed","ping_status":"closed","template":"","meta":{"footnotes":""},"class_list":["post-100","page","type-page","status-publish","hentry"],"_links":{"self":[{"href":"https:\/\/spzoziwonicz.pl\/index.php\/wp-json\/wp\/v2\/pages\/100","targetHints":{"allow":["GET"]}}],"collection":[{"href":"https:\/\/spzoziwonicz.pl\/index.php\/wp-json\/wp\/v2\/pages"}],"about":[{"href":"https:\/\/spzoziwonicz.pl\/index.php\/wp-json\/wp\/v2\/types\/page"}],"author":[{"embeddable":true,"href":"https:\/\/spzoziwonicz.pl\/index.php\/wp-json\/wp\/v2\/users\/1"}],"replies":[{"embeddable":true,"href":"https:\/\/spzoziwonicz.pl\/index.php\/wp-json\/wp\/v2\/comments?post=100"}],"version-history":[{"count":1,"href":"https:\/\/spzoziwonicz.pl\/index.php\/wp-json\/wp\/v2\/pages\/100\/revisions"}],"predecessor-version":[{"id":102,"href":"https:\/\/spzoziwonicz.pl\/index.php\/wp-json\/wp\/v2\/pages\/100\/revisions\/102"}],"up":[{"embeddable":true,"href":"https:\/\/spzoziwonicz.pl\/index.php\/wp-json\/wp\/v2\/pages\/42"}],"wp:attachment":[{"href":"https:\/\/spzoziwonicz.pl\/index.php\/wp-json\/wp\/v2\/media?parent=100"}],"curies":[{"name":"wp","href":"https:\/\/api.w.org\/{rel}","templated":true}]}}